t of f?
3
What is the hundreds digit of -70*((2 - 4) + (-3)/2)?
2
Let w(b) be the first derivative of 87*b**2/2 + b - 4. Let h be w(1). Suppose 7*k + h = 11*k. What is the tens digit of k?
2
Let f be 14/(-49) + 4/14. Suppose f = -5*a + 3*a + 66. What is the tens digit of a?
3
Let q be (-3)/(-2)*(8 + -6). Suppose -s = q*s - 80. What is the units digit of s?
0
Suppose 7*k = -5*l + 2*k + 45, -4*k = -3*l - 8. Suppose -13 = -4*t + 6*t - 5*y, -t = -2*y + l. What is the units digit of t?
6
Let i(y) = 4*y**3 + y**2 - 5*y + 1. Let s be i(2). Let q = s + -38. What is the units digit of 3 - 2*q - -2?
7
Let w(q) = 8*q**2 - 19*q - 25. What is the tens digit of w(4)?
2
Suppose -g + 5 = 19. Let d = g - -6. Let c = -7 - d. What is the units digit of c?
1
What is the hundreds digit of (-11)/(385/(-6524)) - 3/(-5)?
1
Let t(u) = u**2 - 2*u + 24. What is the hundreds digit of t(-12)?
1
Let s = 7 - 74. Let l = 37 - 152. Let t = s - l. What is the tens digit of t?
4
Suppose -o = -3*l + 3797, 39*l + 3*o + 6327 = 44*l. What is the thousands digit of l?
1
Suppose -19851 = -23*z + 10*z. What is the hundreds digit of z?
5
Let r = 58 + -55. Suppose r*h + 0*h = 249. What is the tens digit of h?
8
Let x(v) = -1 + 3*v**2 - v**3 + 2 + 2*v**2 - 4*v. Suppose 0 = -i - 5*i + 24. What is the units digit of x(i)?
1
Let t be 10/15 + (-13)/(-3). Let k be 28/(-8) - 1/(-2). What is the units digit of (t/2)/(k/(-30))?
5
Let a(f) = 1 + 0 + 5*f + 2*f - 26*f. Let g be a(-1). Suppose -6 = s - g. What is the tens digit of s?
1
Let r(m) = m**2 - 13*m + 4. Let i be r(13). Suppose 3*j + 6 - 30 = 2*d, -2*d - 24 = i*j. Let f = 14 + d. What is the units digit of f?
2
Suppose -314*z = -299*z - 14025. What is the hundreds digit of z?
9
Let i = 490 + -71. What is the tens digit of i?
1
Let b = -22 - -33. Let z = b + -9. What is the units digit of 4/1 - (-4 + z)?
6
Let h be (-4)/(-38) + (-153488)/(-304). Suppose 0 = -7*k + h + 419. What is the hundreds digit of k?
1
Let a be ((-1)/(-2))/((-5)/150). Let r be (-66)/a*(9 - 4). Suppose 0*h - r = -2*h. What is the tens digit of h?
1
Let d(z) be the first derivative of -25*z**4/4 - z**3/3 + z**2/2 + z + 28. What is the tens digit of d(-1)?
2
Suppose 0 = -5*w + 6*w - 1583. What is the tens digit of w?
8
What is the units digit of (-5362)/(-18) - (57/(-27) - -2)?
8
Let f(d) be the third derivative of d**5/120 + 5*d**4/24 - d**3/2 - d**2. Let k(g) be the first derivative of f(g). What is the tens digit of k(12)?
1
Let v = -350 - -1206. What is the hundreds digit of v?
8
Let t(j) = -2*j - 4. Let q be t(-3). Suppose 2*n + 1 = -d, -5*d = -5*n + q*n + 5. Suppose -2*m + 72 = 4*l - l, n = -5*l - m + 120. What is the units digit of l?
4
Suppose 5*z - 4*c = -93, -c = -0*c + 3. Let r(w) = w. Let s be r(4). What is the units digit of z/s*(-320)/24?
0
Let o(u) = -10*u - 3. Let n be (2 + 1)*40/(-12). Let p be (12/n)/(8/20). What is the tens digit of o(p)?
2
Let h = 7299 - 2587. What is the thousands digit of h?
4
Let i(f) = 2*f**2 - 12*f + 17. Let l be i(7). Let w = 55 - l. What is the units digit of w?
4
Let d be ((-3)/2)/(2/16). Let j(n) = n**2 - 2*n. Let m be j(-3). Let w = d + m. What is the units digit of w?
3
Let r = -112 - -204. Suppose -r = -6*l + 256. What is the units digit of l?
8
Let t = 40 - 34. What is the tens digit of t/9 + (-218)/(-6)?
3
Let h be (20/50)/(1/5). Suppose -5*i = -3*a - 7 - h, 0 = 4*a + 12. What is the tens digit of (-2 + (-28 - i))/(-2)?
1
Let c = -55 + 59. Suppose -c*y - y = -125. What is the units digit of y?
5
Let c = 2358 - 1145. What is the units digit of c?
3
Let x be (-2 - -3) + 2 + 0. Suppose 7*u - x*u = -84. Let y = -10 - u. What is the tens digit of y?
1
Let z(s) = 6*s**2 + 6*s + 16. Let d be z(-4). Suppose 5*f + 0*f - 10 = 0. Suppose -f*i - d = -4*h + 86, -2*h = 2*i - 102. What is the units digit of h?
6
Suppose -4*u - 23*c + 3267 = -20*c, c + 2460 = 3*u. What is the hundreds digit of u?
8
Let k be (-13 + 13)/(0 - -2) - -3. Let q(w) = 5*w**3 - 3*w**2 - w. What is the hundreds digit of q(k)?
1
Suppose -11*p = -7*p - 8. Suppose 0 = p*a + 2*c - 118, -a - 2*c + 48 = -11. What is the units digit of a?
9
Suppose -4*s + 1364 = 4*v, 2*v = -8*s + 3*s + 1717. Suppose 81 - s = -3*f. What is the units digit of f?
8
Let u(c) be the third derivative of 23/60*c**5 + 0*c - 1/24*c**4 + 0 - 4*c**2 + 1/6*c**3. What is the tens digit of u(1)?
2
Suppose 0*z + 5*b = -4*z + 23, -b - 29 = -2*z. What is the units digit of (10 - z)/(2/(-29))?
9
Suppose 4*l - 4*x = 104, -l + 40 = l + 4*x. Suppose g - 10 = l. What is the units digit of g?
4
What is the hundreds digit of 0 + 2454 + 4 + 4?
4
Let r be (-392)/(-42) + (-2)/6. What is the hundreds digit of 943/r - (-6)/27?
1
Let w(u) = 4146*u + 57. What is the units digit of w(1)?
3
Let z(p) = -3*p - 1. Let x(i) = -6*i - 1. Let a(g) = 3*x(g) - 5*z(g). Let o be a(-2). What is the tens digit of (-9)/12 + 422/o?
5
Suppose 4*y - 61 = 5*d, 0 = 6*y - y - 2*d - 55. Let g be 104/6*y/(-6). Let z = -13 - g. What is the tens digit of z?
1
Let h(l) = 33*l - 55. What is the tens digit of h(2)?
1
Let w(y) = -14*y + 10. Let h(k) = k**2 + 6*k + 3. Let f be h(-4). What is the tens digit of w(f)?
8
Let v = 1879 - 1254. Suppose 3*i + v = 7*x - 2*x, 0 = i. Suppose -m - x = -6*m. What is the tens digit of m?
2
Let q(o) = o**2 - 26*o + 126. What is the tens digit of q(-28)?
3
Let o(b) = 2*b**2 + 2*b + 1. Let s be o(-3). Suppose s*k = 10*k. Suppose k = -5*g + g + 176. What is the units digit of g?
4
Suppose -5 + 5 = 11*m. What is the tens digit of -13*(-13 - 1) - (m - 0)?
8
Let k(q) = -q**3 - 7*q**2 + 5*q - 7. Let t be 6/33 + 590/22. Suppose -3*c - t + 3 = 0. What is the units digit of k(c)?
7
Suppose 33 = 2*d - 3*j, 71 = 4*d - 2*j - 3*j. What is the hundreds digit of (-3)/d*6 - 931/(-4)?
2
Let t = 2741 - 1954. What is the units digit of t?
7
Let w = 945 - 505. Suppose -1441 + w = -11*x. What is the units digit of x?
1
What is the hundreds digit of (24/10 - (-13 - -15))*1465?
5
What is the thousands digit of (-1142120)/(-315) + (-8)/(-36)?
3
Let x(i) be the third derivative of 3*i**4/8 - i**3/6 - 5*i**2. Let k be x(2). What is the units digit of 9/(-3) + (k - 4)?
0
Let r(s) = 2*s**2 + 4*s - 5. Let h be r(4). Let u = -33 + h. What is the units digit of u?
0
Suppose 0*n = 2*n - 2, -3*p = -5*n - 10. Suppose 56 = -p*l + 401. What is the tens digit of l?
6
Suppose m - 3*m - 3*o = -248, -240 = -2*m - o. Suppose 0*c - m = -2*c. Suppose 2*n = -g + c, -2*n + n - 149 = -3*g. What is the tens digit of g?
5
Let c(p) = p**3 - 12*p**2 + 12*p - 7. Let t be c(11). Suppose 2*q - 6*q = -t. Suppose -x = -q - 6. What is the units digit of x?
7
Suppose -64*o + 63*o = -439. Suppose 3*j + 5*y - o = 0, 3*j - 4*y = 8*j - 749. What is the tens digit of j?
5
Suppose 0 = 2*c - 47*c + 180855. What is the tens digit of c?
1
Suppose j - 10 = -2*h, 0 = 2*j - 0*h + h - 23. Suppose 0 = 3*f - 2*l - 95, -f - 3*l + j = -38. What is the tens digit of f?
3
Suppose 48*l - 40*l = 4776. What is the tens digit of l?
9
Let b(m) = -m**3 + 13*m**2 + 17*m + 8. Let t be b(14). Suppose t = -9*c + 1391. What is the units digit of c?
9
What is the units digit of 6/((-24)/(-377)) + (-2)/8?
4
Suppose 2*p - 4*k = 29 + 167, 0 = -2*k + 10. Let y = p - 55. What is the units digit of y + (-3 - -3) + 3?
6
Suppose -4*j + 0*j = -32. Let p = j - 23. What is the tens digit of 9/2*(-110)/p?
3
Suppose -15 = -3*s - 3. What is the hundreds digit of (664/s)/(2 + -1)?
1
Let p = 21 - 1. Let i(q) = q**3 - 21*q**2 + 21*q - 18. Let b be i(p). Suppose -2*z + 12 = b*z. What is the units digit of z?
3
Let b(l) = -l**2 - l + 47. Let t be b(6). Suppose -5 = t*g, 0*k + g = 3*k - 874. What is the tens digit of k?
9
Let b(t) = -t**3 + 19*t**2 - 7*t - 6. What is the tens digit of b(17)?
5
Let r(v) = -19*v - 10. Let s(g) = 57*g + 31. Let d(u) = 11*r(u) + 4*s(u). What is the units digit of d(7)?
7
Let j(q) = 3*q + 6 + 4 - 1 - 4*q. Let m be j(9). Suppose m = -3*r - 0 + 6. What is the units digit of r?
2
Let z = -28 + 63. Suppose -2*b - r = -9, -b - 3*r = -2*b + 8. Suppose 160 = b*k + z. What is the tens digit of k?
2
Suppose 0 = -y - 2, y + 659 = l - 2*y. What is the units digit of l?
3
Let f be (7 + 11)/(8/12). Let x(r) = -r**3 + r + 2. Let w be x(-2). Let s = f + w. What is the units digit of s?
5
Suppose 0 = 3*